{"id":1710,"date":"2022-06-10T19:54:35","date_gmt":"2022-06-10T17:54:35","guid":{"rendered":"https:\/\/hydromot.lu\/techblog\/?page_id=1710"},"modified":"2023-10-23T08:17:20","modified_gmt":"2023-10-23T06:17:20","slug":"hydraulikfilter","status":"publish","type":"page","link":"https:\/\/www.hydromot.lu\/techblog\/hydraulikfilter\/","title":{"rendered":"Hydraulikfilter"},"content":{"rendered":"\t\t<div data-elementor-type=\"wp-page\" data-elementor-id=\"1710\" class=\"elementor elementor-1710\" data-elementor-post-type=\"page\">\n\t\t\t\t\t\t<section class=\"elementor-section elementor-top-section elementor-element elementor-element-6fb376a1 elementor-section-boxed elementor-section-height-default elementor-section-height-default\" data-id=\"6fb376a1\" data-element_type=\"section\" data-e-type=\"section\">\n\t\t\t\t\t\t<div class=\"elementor-container elementor-column-gap-default\">\n\t\t\t\t\t<div class=\"elementor-column elementor-col-100 elementor-top-column elementor-element elementor-element-5fb12d16\" data-id=\"5fb12d16\" data-element_type=\"column\" data-e-type=\"column\">\n\t\t\t<div class=\"elementor-widget-wrap elementor-element-populated\">\n\t\t\t\t\t\t<div class=\"elementor-element elementor-element-2daf34d3 elementor-widget elementor-widget-text-editor\" data-id=\"2daf34d3\" data-element_type=\"widget\" data-e-type=\"widget\" data-widget_type=\"text-editor.default\">\n\t\t\t\t<div class=\"elementor-widget-container\">\n\t\t\t\t\t\t\t\t\t\n<div class=\"wp-block-themeisle-blocks-advanced-columns has-0-columns has-desktop-undefined-layout has-tablet-equal-layout has-mobile-equal-layout has-default-gap has-vertical-unset\" id=\"wp-block-themeisle-blocks-advanced-columns-4c2ae3c7\"><div class=\"wp-block-themeisle-blocks-advanced-columns-overlay\"><\/div><div class=\"innerblocks-wrap\"><\/div><\/div>\n\t\t\t\t\t\t\t\t<\/div>\n\t\t\t\t<\/div>\n\t\t\t\t<div class=\"elementor-element elementor-element-f476e9a elementor-widget elementor-widget-heading\" data-id=\"f476e9a\" data-element_type=\"widget\" data-e-type=\"widget\" data-widget_type=\"heading.default\">\n\t\t\t\t<div class=\"elementor-widget-container\">\n\t\t\t\t\t<h1 class=\"elementor-heading-title elementor-size-xl\">Hydraulikfilter - Aufgabe und Funktionsweise<\/h1>\t\t\t\t<\/div>\n\t\t\t\t<\/div>\n\t\t\t\t\t<\/div>\n\t\t<\/div>\n\t\t\t\t\t<\/div>\n\t\t<\/section>\n\t\t\t\t<section class=\"elementor-section elementor-top-section elementor-element elementor-element-c742601 elementor-section-boxed elementor-section-height-default elementor-section-height-default\" data-id=\"c742601\" data-element_type=\"section\" data-e-type=\"section\">\n\t\t\t\t\t\t<div class=\"elementor-container elementor-column-gap-default\">\n\t\t\t\t\t<div class=\"elementor-column elementor-col-100 elementor-top-column elementor-element elementor-element-efa60bd\" data-id=\"efa60bd\" data-element_type=\"column\" data-e-type=\"column\">\n\t\t\t<div class=\"elementor-widget-wrap elementor-element-populated\">\n\t\t\t\t\t\t<div class=\"elementor-element elementor-element-c076472 elementor-widget elementor-widget-table-of-contents\" data-id=\"c076472\" data-element_type=\"widget\" data-e-type=\"widget\" data-settings=\"{&quot;exclude_headings_by_selector&quot;:[],&quot;headings_by_tags&quot;:[&quot;h2&quot;,&quot;h3&quot;,&quot;h4&quot;,&quot;h5&quot;,&quot;h6&quot;],&quot;marker_view&quot;:&quot;numbers&quot;,&quot;no_headings_message&quot;:&quot;Es wurden keine \\u00dcberschriften auf dieser Seite gefunden.&quot;,&quot;hierarchical_view&quot;:&quot;yes&quot;,&quot;min_height&quot;:{&quot;unit&quot;:&quot;px&quot;,&quot;size&quot;:&quot;&quot;,&quot;sizes&quot;:[]},&quot;min_height_tablet&quot;:{&quot;unit&quot;:&quot;px&quot;,&quot;size&quot;:&quot;&quot;,&quot;sizes&quot;:[]},&quot;min_height_mobile&quot;:{&quot;unit&quot;:&quot;px&quot;,&quot;size&quot;:&quot;&quot;,&quot;sizes&quot;:[]}}\" data-widget_type=\"table-of-contents.default\">\n\t\t\t\t<div class=\"elementor-widget-container\">\n\t\t\t\t\t\t\t\t\t<div class=\"elementor-toc__header\">\n\t\t\t\t\t\t<h4 class=\"elementor-toc__header-title\">\n\t\t\t\tInhalt\t\t\t<\/h4>\n\t\t\t\t\t\t\t\t<\/div>\n\t\t\t\t<div id=\"elementor-toc__c076472\" class=\"elementor-toc__body\">\n\t\t\t<div class=\"elementor-toc__spinner-container\">\n\t\t\t\t<i class=\"elementor-toc__spinner eicon-animation-spin eicon-loading\" aria-hidden=\"true\"><\/i>\t\t\t<\/div>\n\t\t<\/div>\n\t\t\t\t\t\t<\/div>\n\t\t\t\t<\/div>\n\t\t\t\t\t<\/div>\n\t\t<\/div>\n\t\t\t\t\t<\/div>\n\t\t<\/section>\n\t\t\t\t<section class=\"elementor-section elementor-top-section elementor-element elementor-element-f6fc3db elementor-section-boxed elementor-section-height-default elementor-section-height-default\" data-id=\"f6fc3db\" data-element_type=\"section\" data-e-type=\"section\">\n\t\t\t\t\t\t<div class=\"elementor-container elementor-column-gap-default\">\n\t\t\t\t\t<div class=\"elementor-column elementor-col-100 elementor-top-column elementor-element elementor-element-f55d6a1\" data-id=\"f55d6a1\" data-element_type=\"column\" data-e-type=\"column\">\n\t\t\t<div class=\"elementor-widget-wrap elementor-element-populated\">\n\t\t\t\t\t\t<div class=\"elementor-element elementor-element-bd84697 elementor-widget elementor-widget-heading\" data-id=\"bd84697\" data-element_type=\"widget\" data-e-type=\"widget\" data-widget_type=\"heading.default\">\n\t\t\t\t<div class=\"elementor-widget-container\">\n\t\t\t\t\t<h2 class=\"elementor-heading-title elementor-size-large\">Aufgabe von Hydraulikfiltern<\/h2>\t\t\t\t<\/div>\n\t\t\t\t<\/div>\n\t\t\t\t\t<\/div>\n\t\t<\/div>\n\t\t\t\t\t<\/div>\n\t\t<\/section>\n\t\t\t\t<section class=\"elementor-section elementor-top-section elementor-element elementor-element-96fa96a elementor-section-boxed elementor-section-height-default elementor-section-height-default\" data-id=\"96fa96a\" data-element_type=\"section\" data-e-type=\"section\">\n\t\t\t\t\t\t<div class=\"elementor-container elementor-column-gap-default\">\n\t\t\t\t\t<div class=\"elementor-column elementor-col-100 elementor-top-column elementor-element elementor-element-3bb840e\" data-id=\"3bb840e\" data-element_type=\"column\" data-e-type=\"column\">\n\t\t\t<div class=\"elementor-widget-wrap elementor-element-populated\">\n\t\t\t\t\t\t<div class=\"elementor-element elementor-element-82ce5ed elementor-widget elementor-widget-text-editor\" data-id=\"82ce5ed\" data-element_type=\"widget\" data-e-type=\"widget\" data-widget_type=\"text-editor.default\">\n\t\t\t\t<div class=\"elementor-widget-container\">\n\t\t\t\t\t\t\t\t\t<p>Um den st\u00f6rungsfreien Betrieb in Hydraulikanlagen zu gew\u00e4hrleisten, ist der Einsatz von Hydraulikfiltern unumg\u00e4nglich.Die Praxis zeigt, dass ca. 80% der aller vorzeitigen Ausf\u00e4lle von Hydraulikanlagen auf eine verschmutzte Druckfl\u00fcssigkeit zur\u00fcckzuf\u00fchren sind. Die Aufgabe der Hydraulikfilter besteht somit darin, diese Verschmutzung auf ein Minimum zu reduzieren.<\/p>\t\t\t\t\t\t\t\t<\/div>\n\t\t\t\t<\/div>\n\t\t\t\t\t<\/div>\n\t\t<\/div>\n\t\t\t\t\t<\/div>\n\t\t<\/section>\n\t\t\t\t<section class=\"elementor-section elementor-top-section elementor-element elementor-element-01ebc8d elementor-section-boxed elementor-section-height-default elementor-section-height-default\" data-id=\"01ebc8d\" data-element_type=\"section\" data-e-type=\"section\">\n\t\t\t\t\t\t<div class=\"elementor-container elementor-column-gap-default\">\n\t\t\t\t\t<div class=\"elementor-column elementor-col-50 elementor-top-column elementor-element elementor-element-74105c6\" data-id=\"74105c6\" data-element_type=\"column\" data-e-type=\"column\">\n\t\t\t<div class=\"elementor-widget-wrap elementor-element-populated\">\n\t\t\t\t\t\t<div class=\"elementor-element elementor-element-87ee79a elementor-widget elementor-widget-heading\" data-id=\"87ee79a\" data-element_type=\"widget\" data-e-type=\"widget\" data-widget_type=\"heading.default\">\n\t\t\t\t<div class=\"elementor-widget-container\">\n\t\t\t\t\t<h3 class=\"elementor-heading-title elementor-size-default\">Ursachen f\u00fcr die Verschmutzung von Hydraulikanlagen<\/h3>\t\t\t\t<\/div>\n\t\t\t\t<\/div>\n\t\t\t\t<div class=\"elementor-element elementor-element-c7f8b3a elementor-widget elementor-widget-text-editor\" data-id=\"c7f8b3a\" data-element_type=\"widget\" data-e-type=\"widget\" data-widget_type=\"text-editor.default\">\n\t\t\t\t<div class=\"elementor-widget-container\">\n\t\t\t\t\t\t\t\t\t<p>Man unterscheidet zwei m\u00f6gliche Ursachen, die interne und die externe Verschmutzung von Hydrauliksystemen.<br \/>Die interne Verschmutzung entsteht durch im System entstehende Partikel, z.B. durch Abrieb in den Komponenten, Gummiteilchen aus\u00a0<a href=\"https:\/\/hydromot.lu\/techblog\/hydraulikschlauch\/\" target=\"_blank\" rel=\"noopener\"><strong>Schlauchleitungen<\/strong><\/a>, Alterungsr\u00fcckst\u00e4nden in Druckfl\u00fcssigkeiten (oft hervorgerufen durch hohe Arbeitstemperaturen des Hydraulikmediums).<br \/>Die externe Verschmutzung des Hydraulikmediums erfolgt beispielsweise w\u00e4hrend der Anlagenmontage (z.B. bei Montage von Hydraulikverschraubungen), durch schlecht abgedichtete Hydrauliktanks oder durch ungeeignete Luftfilter.<\/p>\t\t\t\t\t\t\t\t<\/div>\n\t\t\t\t<\/div>\n\t\t\t\t\t<\/div>\n\t\t<\/div>\n\t\t\t\t<div class=\"elementor-column elementor-col-50 elementor-top-column elementor-element elementor-element-0fe424f\" data-id=\"0fe424f\" data-element_type=\"column\" data-e-type=\"column\">\n\t\t\t<div class=\"elementor-widget-wrap elementor-element-populated\">\n\t\t\t\t\t\t<div class=\"elementor-element elementor-element-08e8551 elementor-widget elementor-widget-image\" data-id=\"08e8551\" data-element_type=\"widget\" data-e-type=\"widget\" data-widget_type=\"image.default\">\n\t\t\t\t<div class=\"elementor-widget-container\">\n\t\t\t\t\t\t\t\t\t\t\t\t\t\t\t<img fetchpriority=\"high\" decoding=\"async\" width=\"1024\" height=\"720\" src=\"https:\/\/www.hydromot.lu\/techblog\/wp-content\/uploads\/2022\/06\/verschmutzte-Hydraulikanlage.jpg\" class=\"attachment-full size-full wp-image-1720\" alt=\"Hydraulikfilter notwendig, Hydraulikanlage stark verschmutzt\" srcset=\"https:\/\/www.hydromot.lu\/techblog\/wp-content\/uploads\/2022\/06\/verschmutzte-Hydraulikanlage.jpg 1024w, https:\/\/www.hydromot.lu\/techblog\/wp-content\/uploads\/2022\/06\/verschmutzte-Hydraulikanlage-300x211.jpg 300w, https:\/\/www.hydromot.lu\/techblog\/wp-content\/uploads\/2022\/06\/verschmutzte-Hydraulikanlage-768x540.jpg 768w\" sizes=\"(max-width: 1024px) 100vw, 1024px\" \/>\t\t\t\t\t\t\t\t\t\t\t\t\t\t\t<\/div>\n\t\t\t\t<\/div>\n\t\t\t\t\t<\/div>\n\t\t<\/div>\n\t\t\t\t\t<\/div>\n\t\t<\/section>\n\t\t\t\t<section class=\"elementor-section elementor-top-section elementor-element elementor-element-eec2e45 elementor-section-boxed elementor-section-height-default elementor-section-height-default\" data-id=\"eec2e45\" data-element_type=\"section\" data-e-type=\"section\">\n\t\t\t\t\t\t<div class=\"elementor-container elementor-column-gap-default\">\n\t\t\t\t\t<div class=\"elementor-column elementor-col-50 elementor-top-column elementor-element elementor-element-39bcb22\" data-id=\"39bcb22\" data-element_type=\"column\" data-e-type=\"column\">\n\t\t\t<div class=\"elementor-widget-wrap elementor-element-populated\">\n\t\t\t\t\t\t<div class=\"elementor-element elementor-element-c13e3b8 elementor-widget elementor-widget-image\" data-id=\"c13e3b8\" data-element_type=\"widget\" data-e-type=\"widget\" data-widget_type=\"image.default\">\n\t\t\t\t<div class=\"elementor-widget-container\">\n\t\t\t\t\t\t\t\t\t\t\t\t<figure class=\"wp-caption\">\n\t\t\t\t\t\t\t\t\t\t<img decoding=\"async\" width=\"832\" height=\"1024\" src=\"https:\/\/www.hydromot.lu\/techblog\/wp-content\/uploads\/2022\/06\/Oberflaechen-und-Tiefenfilter-832x1024.jpg\" class=\"attachment-large size-large wp-image-1727\" alt=\"Hydraulikfilter - Darstellung Funktionsweise Oberfl\u00e4chen und Tiefenfilter\" srcset=\"https:\/\/www.hydromot.lu\/techblog\/wp-content\/uploads\/2022\/06\/Oberflaechen-und-Tiefenfilter-832x1024.jpg 832w, https:\/\/www.hydromot.lu\/techblog\/wp-content\/uploads\/2022\/06\/Oberflaechen-und-Tiefenfilter-244x300.jpg 244w, https:\/\/www.hydromot.lu\/techblog\/wp-content\/uploads\/2022\/06\/Oberflaechen-und-Tiefenfilter-768x946.jpg 768w, https:\/\/www.hydromot.lu\/techblog\/wp-content\/uploads\/2022\/06\/Oberflaechen-und-Tiefenfilter.jpg 1024w\" sizes=\"(max-width: 832px) 100vw, 832px\" \/>\t\t\t\t\t\t\t\t\t\t\t<figcaption class=\"widget-image-caption wp-caption-text\">Oben: Oberf\u00e4chenfilter, unten: Tiefenfiltration. Quelle: Bosch-Rexroth<\/figcaption>\n\t\t\t\t\t\t\t\t\t\t<\/figure>\n\t\t\t\t\t\t\t\t\t<\/div>\n\t\t\t\t<\/div>\n\t\t\t\t\t<\/div>\n\t\t<\/div>\n\t\t\t\t<div class=\"elementor-column elementor-col-50 elementor-top-column elementor-element elementor-element-234b0be\" data-id=\"234b0be\" data-element_type=\"column\" data-e-type=\"column\">\n\t\t\t<div class=\"elementor-widget-wrap elementor-element-populated\">\n\t\t\t\t\t\t<div class=\"elementor-element elementor-element-655fa2e elementor-widget elementor-widget-heading\" data-id=\"655fa2e\" data-element_type=\"widget\" data-e-type=\"widget\" data-widget_type=\"heading.default\">\n\t\t\t\t<div class=\"elementor-widget-container\">\n\t\t\t\t\t<h3 class=\"elementor-heading-title elementor-size-large\">Aufbau von Hydraulikfiltern (Filterelemente)<\/h3>\t\t\t\t<\/div>\n\t\t\t\t<\/div>\n\t\t\t\t<div class=\"elementor-element elementor-element-ca90c31 elementor-widget elementor-widget-text-editor\" data-id=\"ca90c31\" data-element_type=\"widget\" data-e-type=\"widget\" data-widget_type=\"text-editor.default\">\n\t\t\t\t<div class=\"elementor-widget-container\">\n\t\t\t\t\t\t\t\t\t<p>1.) <strong>Oberfl\u00e4chenfilter:<\/strong> Diese Filter bestehen aus einer d\u00fcnnen Gewebeschicht, z. B. Metall-, Zellulose- oder Kunststoffgewebe oder aus Papier. Zur Vergr\u00f6\u00dferung der wirksamen Fl\u00e4che ist die d\u00fcnne Filterschicht sternf\u00f6rmig gefaltet.\u00a0Filterelemente aus Drahtgewebe bieten eine hohe Festigkeit in Verbindung mit einem geringen Str\u00f6mungswiderstand und sind auswaschbar. Die Standard-Filterfeinheiten betragen 25, 60 und 90\u03bcm.<\/p><p>2.) <strong>Tiefenfilter:<\/strong> Die zu reinigende Fl\u00fcssigkeit durchdringt die Filterstruktur. Die zu entfernenden Partikel bleiben in den tieferen Schichten des Filters h\u00e4ngen. Das Filtermaterial besteht z.B. aus Zellulosematerial, Glasfaserflies oder gesintertem Metallflies. F\u00fcr h\u00f6chste Anspr\u00fcche wird in der Regel ein Mikrofaserflies verwendet. Die genaue Filterleistung wird mit dem sogenannten Multi-Pass Testverfahren bestimmt. Durch den Einsatz von Glasfaserelementen erzielt man einen Tiefenfiltrationseffekt von bis zu 1 \u00b5m Filterfeinheit. Papierfilter stellen die g\u00fcnstigste Alternative von Tiefenfiltern dar und sind f\u00fcr Anlagen einfacher Bauart geeignet. Hydraulikfilter mit Papierfiltereinsatz erreichen Filterfeinheiten von 10 und 25 \u03bcm.<\/p>\t\t\t\t\t\t\t\t<\/div>\n\t\t\t\t<\/div>\n\t\t\t\t\t<\/div>\n\t\t<\/div>\n\t\t\t\t\t<\/div>\n\t\t<\/section>\n\t\t\t\t<section class=\"elementor-section elementor-top-section elementor-element elementor-element-390dd79 elementor-section-boxed elementor-section-height-default elementor-section-height-default\" data-id=\"390dd79\" data-element_type=\"section\" data-e-type=\"section\">\n\t\t\t\t\t\t<div class=\"elementor-container elementor-column-gap-default\">\n\t\t\t\t\t<div class=\"elementor-column elementor-col-100 elementor-top-column elementor-element elementor-element-0247af5\" data-id=\"0247af5\" data-element_type=\"column\" data-e-type=\"column\">\n\t\t\t<div class=\"elementor-widget-wrap elementor-element-populated\">\n\t\t\t\t\t\t<div class=\"elementor-element elementor-element-cd8ad1c elementor-widget elementor-widget-heading\" data-id=\"cd8ad1c\" data-element_type=\"widget\" data-e-type=\"widget\" data-widget_type=\"heading.default\">\n\t\t\t\t<div class=\"elementor-widget-container\">\n\t\t\t\t\t<h3 class=\"elementor-heading-title elementor-size-large\">Bauarten von Hydraulikfiltern<\/h3>\t\t\t\t<\/div>\n\t\t\t\t<\/div>\n\t\t\t\t<div class=\"elementor-element elementor-element-2044652 elementor-widget elementor-widget-text-editor\" data-id=\"2044652\" data-element_type=\"widget\" data-e-type=\"widget\" data-widget_type=\"text-editor.default\">\n\t\t\t\t<div class=\"elementor-widget-container\">\n\t\t\t\t\t\t\t\t\t<p><a href=\"https:\/\/www.hydromot.lu\/de\/Hydraulikfilter\/ruecklauffilter\/\" target=\"_blank\" rel=\"noopener\"><strong>R\u00fccklauffilter<\/strong><\/a>:\u00a0<span style=\"color: var( --e-global-color-text ); font-family: var( --e-global-typography-text-font-family ), Sans-serif; font-weight: var( --e-global-typography-text-font-weight ); background-color: var(--nv-site-bg); font-size: var(--bodyfontsize); letter-spacing: var(--bodyletterspacing); text-transform: var(--bodytexttransform);\">Diese Anordnung eines Hydraulikfilters wird am h\u00e4ufigsten in der Hydraulik eingesetzt. R\u00fccklauffilter werden direkt auf dem \u00d6lbeh\u00e4lter aufgebaut, R\u00fccklaufleistungsfilter werden in die R\u00fccklaufleitung eingebaut. Die Geh\u00e4use und der Filtereinsatz m\u00fcssen so ausgef\u00fchrt sein, dass sie Druckspitzen, die durch schlagartiges \u00d6ffnen gro\u00dfer Ventile auftreten k\u00f6nnen, standhalten oder \u00fcber ein schnellansprechendes Bypass-Ventil direkt zum Beh\u00e4lter abf\u00fchren. Der gesamte R\u00fcckstrom sollte \u00fcber den Hydraulikfilter zur\u00fcckflie\u00dfen. Nachteil dieser Anordnung ist, dass die Verschmutzungen erst bei Verlassen des Kreislaufs erfasst werden. R\u00fcckllauffilter werden als Hauptstromfilter mit einem daneben geschalteten Bypassventil verwendet.<\/span><\/p><p>Vorteile von R\u00fccklauffiltern:<\/p><ul><li>Geringe Kosten<\/li><li>Einfache Wartung<\/li><li>Ausr\u00fcstung mit Verschmutzungsanzeige m\u00f6glich<\/li><li>Feine Filtrationsm\u00f6glichkeiten<\/li><li>Keine Pumpenkavitation<\/li><\/ul><p>Nachteile:<\/p><ul><li>Bypassventil notwendig<\/li><li>Bei Druckspitzen bzw. Kaltstart und dadurch ge\u00f6ffnetem Bypassventil k\u00f6nnen Schmutzpartikel in das Hydrauliksystem gelangen.<\/li><\/ul><p><a href=\"https:\/\/www.hydromot.lu\/de\/Hydraulikfilter\/saugfilter\/\" target=\"_blank\" rel=\"noopener\"><strong>Saugfilter<\/strong><\/a>\u00a0werden oft zus\u00e4tzlich zu einem R\u00fccklauffilter in Hydraulikanlagen verbaut. Die Saugk\u00f6rbe werden direkt unterhalb des \u00d6lspiegels im \u00d6lbeh\u00e4lter eingebaut. Dadurch wird die Hydraulikpumpe gegen Besch\u00e4digungen durch grobe Verunreinigungen im Tank gesch\u00fctzt. Aufgrund der Empfindlichkeit von Hydropumpen gegen Unterdruck, darf die Druckdifferenz am Filter nicht zu gro\u00df sein. Deshalb m\u00fcssen gro\u00dfe Filterfl\u00e4chen installiert werden und es empfiehlt sich dringend der Einsatz eines Bypassventils sowie einer Verschmutzungsanzeige.<\/p><p>\u00a0<\/p><p><strong>Druckfilter<\/strong>\u00a0werden nach der Pumpe (also auf der Druckseite der Hydropumpe) eingebaut und haben die Aufgabe, besonders empfindliche Bauteile (z.B. Proportionalventile, Servoventile) zu sch\u00fctzen. Damit m\u00fcssen die Filtergeh\u00e4use f\u00fcr den Systemdruck der Hydraulikanlage ausgelegt sein.<\/p><p>Vorteile:<\/p><ul><li>Montage direkt vor empfindlichen (teuren) Bauteilen<\/li><li>Sehr feine Filterfeinheiten m\u00f6glich<\/li><li>Einfache Wartung<\/li><li>Ausstattunng mit Verschmutzungsanzeige m\u00f6glich<\/li><li>Lange Standzeiten<\/li><li>Keine Pumpenkavitation<\/li><\/ul><p>Nachteile:<\/p><ul><li>Teuer<\/li><li>Hohes Gewicht, da robuste Bauweise<\/li><li>Je nach Str\u00f6mungswiderstand wird Leistung in W\u00e4rme umgewandelt<\/li><\/ul><p><a href=\"https:\/\/www.hydromot.lu\/de\/Hydraulikfilter\/Einfuellfilter-Belueftungsfilter\/\" target=\"_blank\" rel=\"noopener\"><strong>Tankbel\u00fcftungsfilter (Einf\u00fcll- und Bel\u00fcftungsfilter)<\/strong><\/a>: Auch wenn diesem Filtertyp in den letzten Jahren wenig Beachtung geschenkt wurde, stellen Einf\u00fcl- und Bel\u00fcftungsfilter inen wichtigen Bestandteil in der Hydroanlage dar. Ein beachtlicher Teil der Verschmutzung gelangt \u00fcber ungeeignete Bel\u00fcftungsanlagen in die Hydraulikanlage. Konstruktive Ma\u00dfnahmen wie z.B. eine Druckbeaufschlagung von \u00d6lbeh\u00e4ltern, sind heute gegen\u00fcber hochwirksamen Bel\u00fcftungsfiltern oft unwirtschaftlich.<\/p>\t\t\t\t\t\t\t\t<\/div>\n\t\t\t\t<\/div>\n\t\t\t\t<div class=\"elementor-element elementor-element-8978945 elementor-widget elementor-widget-spacer\" data-id=\"8978945\" data-element_type=\"widget\" data-e-type=\"widget\" data-widget_type=\"spacer.default\">\n\t\t\t\t<div class=\"elementor-widget-container\">\n\t\t\t\t\t\t\t<div class=\"elementor-spacer\">\n\t\t\t<div class=\"elementor-spacer-inner\"><\/div>\n\t\t<\/div>\n\t\t\t\t\t\t<\/div>\n\t\t\t\t<\/div>\n\t\t\t\t\t<\/div>\n\t\t<\/div>\n\t\t\t\t\t<\/div>\n\t\t<\/section>\n\t\t\t\t<section class=\"elementor-section elementor-top-section elementor-element elementor-element-6f10ada elementor-section-boxed elementor-section-height-default elementor-section-height-default\" data-id=\"6f10ada\" data-element_type=\"section\" data-e-type=\"section\">\n\t\t\t\t\t\t<div class=\"elementor-container elementor-column-gap-default\">\n\t\t\t\t\t<div class=\"elementor-column elementor-col-100 elementor-top-column elementor-element elementor-element-21db153\" data-id=\"21db153\" data-element_type=\"column\" data-e-type=\"column\">\n\t\t\t<div class=\"elementor-widget-wrap elementor-element-populated\">\n\t\t\t\t\t\t<div class=\"elementor-element elementor-element-1fd02ea elementor-cta--skin-classic elementor-animated-content elementor-bg-transform elementor-bg-transform-zoom-in elementor-widget elementor-widget-call-to-action\" data-id=\"1fd02ea\" data-element_type=\"widget\" data-e-type=\"widget\" data-widget_type=\"call-to-action.default\">\n\t\t\t\t<div class=\"elementor-widget-container\">\n\t\t\t\t\t\t\t<div class=\"elementor-cta\">\n\t\t\t\t\t<div class=\"elementor-cta__bg-wrapper\">\n\t\t\t\t<div class=\"elementor-cta__bg elementor-bg\" style=\"background-image: url(https:\/\/www.hydromot.lu\/techblog\/wp-content\/uploads\/2022\/06\/Hydraulikfilter-Saugfilter.jpg);\" role=\"img\" aria-label=\"Hydraulikfilter-Saugfilter\"><\/div>\n\t\t\t\t<div class=\"elementor-cta__bg-overlay\"><\/div>\n\t\t\t<\/div>\n\t\t\t\t\t\t\t<div class=\"elementor-cta__content\">\n\t\t\t\t\n\t\t\t\t\t\t\t\t\t<h2 class=\"elementor-cta__title elementor-cta__content-item elementor-content-item\">\n\t\t\t\t\t\tHydraulikfilter finden Sie direkt in unserem Hydraulikhop!\t\t\t\t\t<\/h2>\n\t\t\t\t\n\t\t\t\t\t\t\t\t\t<div class=\"elementor-cta__description elementor-cta__content-item elementor-content-item\">\n\t\t\t\t\t\tIn unserem Hydraulik Shop finden Sie eine gro\u00dfe Auswahl an Hydraulikfiltern wie Saugfiltern, R\u00fccklauffiltern sowie Einf\u00fcll- und Bel\u00fcftungsfiltern.\t\t\t\t\t<\/div>\n\t\t\t\t\n\t\t\t\t\t\t\t\t\t<div class=\"elementor-cta__button-wrapper elementor-cta__content-item elementor-content-item \">\n\t\t\t\t\t<a class=\"elementor-cta__button elementor-button elementor-size-\" href=\"https:\/\/www.hydromot.lu\/de\/Hydraulikmotoren--Hydraulikmotor--Oelmotor-Hydromotor\/\">\n\t\t\t\t\t\tDirekt zu den Hydraulikfiltern\t\t\t\t\t<\/a>\n\t\t\t\t\t<\/div>\n\t\t\t\t\t\t\t<\/div>\n\t\t\t\t\t\t<\/div>\n\t\t\t\t\t\t<\/div>\n\t\t\t\t<\/div>\n\t\t\t\t\t<\/div>\n\t\t<\/div>\n\t\t\t\t\t<\/div>\n\t\t<\/section>\n\t\t\t\t<section class=\"elementor-section elementor-top-section elementor-element elementor-element-58afe9b elementor-section-boxed elementor-section-height-default elementor-section-height-default\" data-id=\"58afe9b\" data-element_type=\"section\" data-e-type=\"section\">\n\t\t\t\t\t\t<div class=\"elementor-container elementor-column-gap-default\">\n\t\t\t\t\t<div class=\"elementor-column elementor-col-100 elementor-top-column elementor-element elementor-element-44b7986\" data-id=\"44b7986\" data-element_type=\"column\" data-e-type=\"column\">\n\t\t\t<div class=\"elementor-widget-wrap elementor-element-populated\">\n\t\t\t\t\t\t<div class=\"elementor-element elementor-element-69001b3 elementor-widget elementor-widget-spacer\" data-id=\"69001b3\" data-element_type=\"widget\" data-e-type=\"widget\" data-widget_type=\"spacer.default\">\n\t\t\t\t<div class=\"elementor-widget-container\">\n\t\t\t\t\t\t\t<div class=\"elementor-spacer\">\n\t\t\t<div class=\"elementor-spacer-inner\"><\/div>\n\t\t<\/div>\n\t\t\t\t\t\t<\/div>\n\t\t\t\t<\/div>\n\t\t\t\t\t<\/div>\n\t\t<\/div>\n\t\t\t\t\t<\/div>\n\t\t<\/section>\n\t\t\t\t<\/div>\n\t\t","protected":false},"excerpt":{"rendered":"<p>Hydraulikfilter &#8211; Aufgabe und Funktionsweise Inhalt Aufgabe von Hydraulikfiltern Um den st\u00f6rungsfreien Betrieb in Hydraulikanlagen zu gew\u00e4hrleisten, ist der Einsatz von Hydraulikfiltern unumg\u00e4nglich.Die Praxis zeigt, dass ca. 80% der aller vorzeitigen Ausf\u00e4lle von Hydraulikanlagen auf eine verschmutzte Druckfl\u00fcssigkeit zur\u00fcckzuf\u00fchren sind. Die Aufgabe der Hydraulikfilter besteht somit darin, diese Verschmutzung auf ein Minimum zu reduzieren. Ursachen&hellip;&nbsp;<a href=\"https:\/\/www.hydromot.lu\/techblog\/hydraulikfilter\/\" rel=\"bookmark\">Mehr lesen &raquo;<span class=\"screen-reader-text\">Hydraulikfilter<\/span><\/a><\/p>\n","protected":false},"author":1,"featured_media":316,"parent":0,"menu_order":0,"comment_status":"closed","ping_status":"closed","template":"","meta":{"_crdt_document":"","neve_meta_sidebar":"right","neve_meta_container":"","neve_meta_enable_content_width":"on","neve_meta_content_width":75,"neve_meta_title_alignment":"","neve_meta_author_avatar":"","neve_post_elements_order":"","neve_meta_disable_header":"","neve_meta_disable_footer":"","neve_meta_disable_title":"on","neve_meta_reading_time":"","_themeisle_gutenberg_block_has_review":false,"footnotes":""},"class_list":["post-1710","page","type-page","status-publish","has-post-thumbnail","hentry"],"_links":{"self":[{"href":"https:\/\/www.hydromot.lu\/techblog\/wp-json\/wp\/v2\/pages\/1710","targetHints":{"allow":["GET"]}}],"collection":[{"href":"https:\/\/www.hydromot.lu\/techblog\/wp-json\/wp\/v2\/pages"}],"about":[{"href":"https:\/\/www.hydromot.lu\/techblog\/wp-json\/wp\/v2\/types\/page"}],"author":[{"embeddable":true,"href":"https:\/\/www.hydromot.lu\/techblog\/wp-json\/wp\/v2\/users\/1"}],"replies":[{"embeddable":true,"href":"https:\/\/www.hydromot.lu\/techblog\/wp-json\/wp\/v2\/comments?post=1710"}],"version-history":[{"count":57,"href":"https:\/\/www.hydromot.lu\/techblog\/wp-json\/wp\/v2\/pages\/1710\/revisions"}],"predecessor-version":[{"id":4885,"href":"https:\/\/www.hydromot.lu\/techblog\/wp-json\/wp\/v2\/pages\/1710\/revisions\/4885"}],"wp:featuredmedia":[{"embeddable":true,"href":"https:\/\/www.hydromot.lu\/techblog\/wp-json\/wp\/v2\/media\/316"}],"wp:attachment":[{"href":"https:\/\/www.hydromot.lu\/techblog\/wp-json\/wp\/v2\/media?parent=1710"}],"curies":[{"name":"wp","href":"https:\/\/api.w.org\/{rel}","templated":true}]}}