{"id":42,"date":"2021-12-29T16:18:11","date_gmt":"2021-12-29T15:18:11","guid":{"rendered":"https:\/\/hydromot.lu\/techblog\/about\/"},"modified":"2023-10-23T08:47:19","modified_gmt":"2023-10-23T06:47:19","slug":"ueber-uns","status":"publish","type":"page","link":"https:\/\/www.hydromot.lu\/techblog\/ueber-uns\/","title":{"rendered":"\u00dcber uns"},"content":{"rendered":"\t\t<div data-elementor-type=\"wp-page\" data-elementor-id=\"42\" class=\"elementor elementor-42\" data-elementor-post-type=\"page\">\n\t\t\t\t\t\t<section class=\"elementor-section elementor-top-section elementor-element elementor-element-c511fa0 elementor-section-boxed elementor-section-height-default elementor-section-height-default\" data-id=\"c511fa0\" data-element_type=\"section\" data-e-type=\"section\">\n\t\t\t\t\t\t<div class=\"elementor-container elementor-column-gap-default\">\n\t\t\t\t\t<div class=\"elementor-column elementor-col-100 elementor-top-column elementor-element elementor-element-64266b7\" data-id=\"64266b7\" data-element_type=\"column\" data-e-type=\"column\">\n\t\t\t<div class=\"elementor-widget-wrap elementor-element-populated\">\n\t\t\t\t\t\t<div class=\"elementor-element elementor-element-c0ba818 elementor-widget elementor-widget-spacer\" data-id=\"c0ba818\" data-element_type=\"widget\" data-e-type=\"widget\" data-widget_type=\"spacer.default\">\n\t\t\t\t<div class=\"elementor-widget-container\">\n\t\t\t\t\t\t\t<div class=\"elementor-spacer\">\n\t\t\t<div class=\"elementor-spacer-inner\"><\/div>\n\t\t<\/div>\n\t\t\t\t\t\t<\/div>\n\t\t\t\t<\/div>\n\t\t\t\t<div class=\"elementor-element elementor-element-99bac95 elementor-widget elementor-widget-heading\" data-id=\"99bac95\" data-element_type=\"widget\" data-e-type=\"widget\" data-widget_type=\"heading.default\">\n\t\t\t\t<div class=\"elementor-widget-container\">\n\t\t\t\t\t<h1 class=\"elementor-heading-title elementor-size-xl\">\u00dcber uns<\/h1>\t\t\t\t<\/div>\n\t\t\t\t<\/div>\n\t\t\t\t\t<\/div>\n\t\t<\/div>\n\t\t\t\t\t<\/div>\n\t\t<\/section>\n\t\t\t\t<section class=\"elementor-section elementor-top-section elementor-element elementor-element-f638dc0 elementor-section-boxed elementor-section-height-default elementor-section-height-default\" data-id=\"f638dc0\" data-element_type=\"section\" data-e-type=\"section\">\n\t\t\t\t\t\t<div class=\"elementor-container elementor-column-gap-default\">\n\t\t\t\t\t<div class=\"elementor-column elementor-col-100 elementor-top-column elementor-element elementor-element-dd81a17\" data-id=\"dd81a17\" data-element_type=\"column\" data-e-type=\"column\">\n\t\t\t<div class=\"elementor-widget-wrap elementor-element-populated\">\n\t\t\t\t\t\t<div class=\"elementor-element elementor-element-21b03e0 elementor-widget elementor-widget-heading\" data-id=\"21b03e0\" data-element_type=\"widget\" data-e-type=\"widget\" data-widget_type=\"heading.default\">\n\t\t\t\t<div class=\"elementor-widget-container\">\n\t\t\t\t\t<h2 class=\"elementor-heading-title elementor-size-large\">Unsere Mission<\/h2>\t\t\t\t<\/div>\n\t\t\t\t<\/div>\n\t\t\t\t<div class=\"elementor-element elementor-element-ed55398 elementor-widget elementor-widget-text-editor\" data-id=\"ed55398\" data-element_type=\"widget\" data-e-type=\"widget\" data-widget_type=\"text-editor.default\">\n\t\t\t\t<div class=\"elementor-widget-container\">\n\t\t\t\t\t\t\t\t\t<p>Unser Ziel war und ist es immer, unseren Kunden einen optimalen Nutzen zu liefern. In unserem\u00a0<a href=\"https:\/\/www.hydromot.lu\/de\/\" target=\"_blank\" rel=\"noopener\"><strong>Hydraulik Shop<\/strong><\/a>\u00a0versuchen wir Produktbeschreibungen und Informationen so detailliert wie m\u00f6glich darzustellen, so dass unsere Kunden m\u00f6glichst direkt zum Ziel kommen. Au\u00dferdem sind unsere Produkte nicht nur Standard. Wir haben uns zum Ziel gesetzt, spezielle Hydraulikkomponenten anzubieten, die man nicht an jeder Ecke findet. Wir wollen <a href=\"https:\/\/hydromot.lu\/techblog\/was-ist-eigentlich-hydraulik\/\" target=\"_blank\" rel=\"noopener\">Hydraulik<\/a> nicht einfach nur verkaufen. Beratung und Service stehen bei uns an erster Stelle.<\/p><p>Als wir 2004 unser Unternehmen gegr\u00fcndet haben, war es unsere Vision, der gr\u00f6\u00dfte Online-Hydraulikh\u00e4ndler im deutschsprachigen Raum zu werden. Wir haben bereits 2005 damit begonnen unsere Produkte in unserem Webshop und auf Handelsplattformen wie Ebay anzubieten. Zwischenzeitlich hatten wir uns mehr auf den Direktvertrieb konzentriert. Leider sind wir in dieser Zeit vom Weg abgekommen, der Kosten-Nutzen Effekt war bescheiden. Hydromot befand sich damals in einer sehr schwierigen Phase.<\/p><p>Was haben wir gemacht? Den sprichw\u00f6rtlichen Schalter umgelegt: Seit ca. 7 Jahren liegt der Fokus voll und ganz auf dem Onlinehandel. Nur damit k\u00f6nnen wir unseren Kunden Hydraulikprodukte zu einem guten Preis- Leistungsverh\u00e4ltnis anbieten und kostendeckend arbeiten.<\/p>\t\t\t\t\t\t\t\t<\/div>\n\t\t\t\t<\/div>\n\t\t\t\t\t<\/div>\n\t\t<\/div>\n\t\t\t\t\t<\/div>\n\t\t<\/section>\n\t\t\t\t<section class=\"elementor-section elementor-top-section elementor-element elementor-element-fa6133c elementor-section-boxed elementor-section-height-default elementor-section-height-default\" data-id=\"fa6133c\" data-element_type=\"section\" data-e-type=\"section\">\n\t\t\t\t\t\t<div class=\"elementor-container elementor-column-gap-default\">\n\t\t\t\t\t<div class=\"elementor-column elementor-col-50 elementor-top-column elementor-element elementor-element-2f389de\" data-id=\"2f389de\" data-element_type=\"column\" data-e-type=\"column\">\n\t\t\t<div class=\"elementor-widget-wrap elementor-element-populated\">\n\t\t\t\t\t\t<div class=\"elementor-element elementor-element-227d3c8 elementor-widget elementor-widget-heading\" data-id=\"227d3c8\" data-element_type=\"widget\" data-e-type=\"widget\" data-widget_type=\"heading.default\">\n\t\t\t\t<div class=\"elementor-widget-container\">\n\t\t\t\t\t<h2 class=\"elementor-heading-title elementor-size-large\">Warum Luxemburg?<\/h2>\t\t\t\t<\/div>\n\t\t\t\t<\/div>\n\t\t\t\t<div class=\"elementor-element elementor-element-d235b37 elementor-widget elementor-widget-text-editor\" data-id=\"d235b37\" data-element_type=\"widget\" data-e-type=\"widget\" data-widget_type=\"text-editor.default\">\n\t\t\t\t<div class=\"elementor-widget-container\">\n\t\t\t\t\t\t\t\t\t<p>Einige werden vielleicht denken:\u00a0 \u201cDie sind in Luxemburg um Steuern zu sparen\u201c. Nun, vor 20 Jahren h\u00e4tte das vielleicht noch funktioniert. Aber im 21. Jahrhundert in der EU, z\u00e4hlen andere Werte. \u00a0Zumindest f\u00fcr uns. Wir sind kein internationales Gro\u00dfunternehmen, dass sich eigene Anwaltskanzleien leisten kann, um jedes Steuerschlupfloch auszunutzen. Das war und ist nicht unser Ziel. Wir leben und arbeiten in Europa, also zahlen wir auch hier unsere Steuern. Punkt.<\/p><p>F\u00fcr uns hat sich der Standort Luxemburg so ergeben, mit vielen Vorteilen, aber auch Nachteilen. Luxemburg ist attraktiv f\u00fcr Arbeitnehmer u.a. aus Deutschland und Frankreich. Die Amtssprache in Luxemburg ist sowohl Deutsch als auch Franz\u00f6sisch. Der franz\u00f6sisch- und der deutschsprachige Raum sind f\u00fcr uns wichtige M\u00e4rkte. Mit dem Standort in Luxemburg haben wir die optimale Lage, um beide M\u00e4rkte zu bedienen. Allerdings muss man auch sagen, und das ist ein Nachteil, dass sowohl die Lohnkosten als auch die Immobilienpreise in Luxemburg um einiges h\u00f6her sind als in anderen europ\u00e4ischen L\u00e4ndern. Trotzdem: Wir lieben Luxemburg, es ist klein aber fein.<\/p>\t\t\t\t\t\t\t\t<\/div>\n\t\t\t\t<\/div>\n\t\t\t\t\t<\/div>\n\t\t<\/div>\n\t\t\t\t<div class=\"elementor-column elementor-col-50 elementor-top-column elementor-element elementor-element-ce79203\" data-id=\"ce79203\" data-element_type=\"column\" data-e-type=\"column\">\n\t\t\t<div class=\"elementor-widget-wrap elementor-element-populated\">\n\t\t\t\t\t\t<div class=\"elementor-element elementor-element-d6669a6 elementor-widget elementor-widget-image\" data-id=\"d6669a6\" data-element_type=\"widget\" data-e-type=\"widget\" data-widget_type=\"image.default\">\n\t\t\t\t<div class=\"elementor-widget-container\">\n\t\t\t\t\t\t\t\t\t\t\t\t\t\t\t<img fetchpriority=\"high\" decoding=\"async\" width=\"1024\" height=\"727\" src=\"https:\/\/www.hydromot.lu\/techblog\/wp-content\/uploads\/2022\/01\/Luxemburg.jpg\" class=\"attachment-large size-large wp-image-563\" alt=\"Bild Luxemburg Stadt\" srcset=\"https:\/\/www.hydromot.lu\/techblog\/wp-content\/uploads\/2022\/01\/Luxemburg.jpg 1024w, https:\/\/www.hydromot.lu\/techblog\/wp-content\/uploads\/2022\/01\/Luxemburg-300x213.jpg 300w, https:\/\/www.hydromot.lu\/techblog\/wp-content\/uploads\/2022\/01\/Luxemburg-768x545.jpg 768w\" sizes=\"(max-width: 1024px) 100vw, 1024px\" \/>\t\t\t\t\t\t\t\t\t\t\t\t\t\t\t<\/div>\n\t\t\t\t<\/div>\n\t\t\t\t\t<\/div>\n\t\t<\/div>\n\t\t\t\t\t<\/div>\n\t\t<\/section>\n\t\t\t\t<section class=\"elementor-section elementor-top-section elementor-element elementor-element-bbd8171 elementor-section-boxed elementor-section-height-default elementor-section-height-default\" data-id=\"bbd8171\" data-element_type=\"section\" data-e-type=\"section\">\n\t\t\t\t\t\t<div class=\"elementor-container elementor-column-gap-default\">\n\t\t\t\t\t<div class=\"elementor-column elementor-col-100 elementor-top-column elementor-element elementor-element-d212392\" data-id=\"d212392\" data-element_type=\"column\" data-e-type=\"column\">\n\t\t\t<div class=\"elementor-widget-wrap elementor-element-populated\">\n\t\t\t\t\t\t<div class=\"elementor-element elementor-element-5156167 elementor-widget elementor-widget-heading\" data-id=\"5156167\" data-element_type=\"widget\" data-e-type=\"widget\" data-widget_type=\"heading.default\">\n\t\t\t\t<div class=\"elementor-widget-container\">\n\t\t\t\t\t<h2 class=\"elementor-heading-title elementor-size-large\">Unser Team<\/h2>\t\t\t\t<\/div>\n\t\t\t\t<\/div>\n\t\t\t\t\t<\/div>\n\t\t<\/div>\n\t\t\t\t\t<\/div>\n\t\t<\/section>\n\t\t\t\t<section class=\"elementor-section elementor-top-section elementor-element elementor-element-beed1c0 elementor-section-boxed elementor-section-height-default elementor-section-height-default\" data-id=\"beed1c0\" data-element_type=\"section\" data-e-type=\"section\">\n\t\t\t\t\t\t<div class=\"elementor-container elementor-column-gap-default\">\n\t\t\t\t\t<div class=\"elementor-column elementor-col-50 elementor-top-column elementor-element elementor-element-aee9e59\" data-id=\"aee9e59\" data-element_type=\"column\" data-e-type=\"column\">\n\t\t\t<div class=\"elementor-widget-wrap elementor-element-populated\">\n\t\t\t\t\t\t<div class=\"elementor-element elementor-element-9eb8f0e elementor-widget elementor-widget-image\" data-id=\"9eb8f0e\" data-element_type=\"widget\" data-e-type=\"widget\" data-widget_type=\"image.default\">\n\t\t\t\t<div class=\"elementor-widget-container\">\n\t\t\t\t\t\t\t\t\t\t\t\t<figure class=\"wp-caption\">\n\t\t\t\t\t\t\t\t\t\t<img decoding=\"async\" width=\"1024\" height=\"768\" src=\"https:\/\/www.hydromot.lu\/techblog\/wp-content\/uploads\/2022\/06\/Hydromot-Teambild.jpg\" class=\"attachment-large size-large wp-image-1671\" alt=\"Teambild der Hydromot Mitarbeiter\" srcset=\"https:\/\/www.hydromot.lu\/techblog\/wp-content\/uploads\/2022\/06\/Hydromot-Teambild.jpg 1024w, https:\/\/www.hydromot.lu\/techblog\/wp-content\/uploads\/2022\/06\/Hydromot-Teambild-300x225.jpg 300w, https:\/\/www.hydromot.lu\/techblog\/wp-content\/uploads\/2022\/06\/Hydromot-Teambild-768x576.jpg 768w\" sizes=\"(max-width: 1024px) 100vw, 1024px\" \/>\t\t\t\t\t\t\t\t\t\t\t<figcaption class=\"widget-image-caption wp-caption-text\">Unser Team von Links nach Rechts: Jens, Olga, Dyhia, Astrid, Rainer und Florian.<\/figcaption>\n\t\t\t\t\t\t\t\t\t\t<\/figure>\n\t\t\t\t\t\t\t\t\t<\/div>\n\t\t\t\t<\/div>\n\t\t\t\t\t<\/div>\n\t\t<\/div>\n\t\t\t\t<div class=\"elementor-column elementor-col-50 elementor-top-column elementor-element elementor-element-209ace6\" data-id=\"209ace6\" data-element_type=\"column\" data-e-type=\"column\">\n\t\t\t<div class=\"elementor-widget-wrap elementor-element-populated\">\n\t\t\t\t\t\t<div class=\"elementor-element elementor-element-1b26904 elementor-widget elementor-widget-text-editor\" data-id=\"1b26904\" data-element_type=\"widget\" data-e-type=\"widget\" data-widget_type=\"text-editor.default\">\n\t\t\t\t<div class=\"elementor-widget-container\">\n\t\t\t\t\t\t\t\t\t<p>Mittlerweile ist unser Team auf sieben Mitarbeiter angewachsen. Florian ist unser Gesch\u00e4ftsf\u00fchrer und auch erster Ansprechpartner, wenn es um technische Fragen geht. Rainer k\u00fcmmert sich um Bestellungen und Anfragen unserer deutschsprachigen Kunden. Dyhia ist Ansprechpartnerin f\u00fcr die franz\u00f6sisch- und englischsprachigen Kunden. Jens ist unser Mann f\u00fcr die\u00a0<a href=\"https:\/\/hydromot.lu\/techblog\/verbindungstechnik\/\" target=\"_blank\" rel=\"noopener\">Verbindungstechnik<\/a>\u00a0sowie Amazon und er managt unser Lager. Astrid unterst\u00fctzt unsere Buchhaltung und wandelt auch auf den Amazon-Pfaden. Olga, unser neuestes Teammitglied, ist f\u00fcr das Onlinemarketing zust\u00e4ndig und k\u00fcmmert sich um unseren Onlineshop.<\/p>\t\t\t\t\t\t\t\t<\/div>\n\t\t\t\t<\/div>\n\t\t\t\t\t<\/div>\n\t\t<\/div>\n\t\t\t\t\t<\/div>\n\t\t<\/section>\n\t\t\t\t<section class=\"elementor-section elementor-top-section elementor-element elementor-element-c578d83 elementor-section-boxed elementor-section-height-default elementor-section-height-default\" data-id=\"c578d83\" data-element_type=\"section\" data-e-type=\"section\">\n\t\t\t\t\t\t<div class=\"elementor-container elementor-column-gap-default\">\n\t\t\t\t\t<div class=\"elementor-column elementor-col-100 elementor-top-column elementor-element elementor-element-ac137c7\" data-id=\"ac137c7\" data-element_type=\"column\" data-e-type=\"column\">\n\t\t\t<div class=\"elementor-widget-wrap elementor-element-populated\">\n\t\t\t\t\t\t<div class=\"elementor-element elementor-element-ea5c750 elementor-align-center elementor-widget elementor-widget-button\" data-id=\"ea5c750\" data-element_type=\"widget\" data-e-type=\"widget\" data-widget_type=\"button.default\">\n\t\t\t\t<div class=\"elementor-widget-container\">\n\t\t\t\t\t\t\t\t\t<div class=\"elementor-button-wrapper\">\n\t\t\t\t\t<a class=\"elementor-button elementor-button-link elementor-size-md\" href=\"https:\/\/www.hydromot.lu\/de\/\">\n\t\t\t\t\t\t<span class=\"elementor-button-content-wrapper\">\n\t\t\t\t\t\t\t\t\t<span class=\"elementor-button-text\">Direkt zum Hydraulikshop!<\/span>\n\t\t\t\t\t<\/span>\n\t\t\t\t\t<\/a>\n\t\t\t\t<\/div>\n\t\t\t\t\t\t\t\t<\/div>\n\t\t\t\t<\/div>\n\t\t\t\t\t<\/div>\n\t\t<\/div>\n\t\t\t\t\t<\/div>\n\t\t<\/section>\n\t\t\t\t<\/div>\n\t\t","protected":false},"excerpt":{"rendered":"<p>\u00dcber uns Unsere Mission Unser Ziel war und ist es immer, unseren Kunden einen optimalen Nutzen zu liefern. In unserem\u00a0Hydraulik Shop\u00a0versuchen wir Produktbeschreibungen und Informationen so detailliert wie m\u00f6glich darzustellen, so dass unsere Kunden m\u00f6glichst direkt zum Ziel kommen. Au\u00dferdem sind unsere Produkte nicht nur Standard. Wir haben uns zum Ziel gesetzt, spezielle Hydraulikkomponenten anzubieten,&hellip;&nbsp;<a href=\"https:\/\/www.hydromot.lu\/techblog\/ueber-uns\/\" rel=\"bookmark\">Mehr lesen &raquo;<span class=\"screen-reader-text\">\u00dcber uns<\/span><\/a><\/p>\n","protected":false},"author":1,"featured_media":463,"parent":0,"menu_order":0,"comment_status":"closed","ping_status":"closed","template":"page-templates\/template-pagebuilder-full-width.php","meta":{"_crdt_document":"","neve_meta_sidebar":"","neve_meta_container":"","neve_meta_enable_content_width":"","neve_meta_content_width":0,"neve_meta_title_alignment":"center","neve_meta_author_avatar":"","neve_post_elements_order":"","neve_meta_disable_header":"","neve_meta_disable_footer":"","neve_meta_disable_title":"","neve_meta_reading_time":"","_themeisle_gutenberg_block_has_review":false,"footnotes":""},"class_list":["post-42","page","type-page","status-publish","has-post-thumbnail","hentry"],"_links":{"self":[{"href":"https:\/\/www.hydromot.lu\/techblog\/wp-json\/wp\/v2\/pages\/42","targetHints":{"allow":["GET"]}}],"collection":[{"href":"https:\/\/www.hydromot.lu\/techblog\/wp-json\/wp\/v2\/pages"}],"about":[{"href":"https:\/\/www.hydromot.lu\/techblog\/wp-json\/wp\/v2\/types\/page"}],"author":[{"embeddable":true,"href":"https:\/\/www.hydromot.lu\/techblog\/wp-json\/wp\/v2\/users\/1"}],"replies":[{"embeddable":true,"href":"https:\/\/www.hydromot.lu\/techblog\/wp-json\/wp\/v2\/comments?post=42"}],"version-history":[{"count":83,"href":"https:\/\/www.hydromot.lu\/techblog\/wp-json\/wp\/v2\/pages\/42\/revisions"}],"predecessor-version":[{"id":5799,"href":"https:\/\/www.hydromot.lu\/techblog\/wp-json\/wp\/v2\/pages\/42\/revisions\/5799"}],"wp:featuredmedia":[{"embeddable":true,"href":"https:\/\/www.hydromot.lu\/techblog\/wp-json\/wp\/v2\/media\/463"}],"wp:attachment":[{"href":"https:\/\/www.hydromot.lu\/techblog\/wp-json\/wp\/v2\/media?parent=42"}],"curies":[{"name":"wp","href":"https:\/\/api.w.org\/{rel}","templated":true}]}}